65. What is the units digit of (2/(-6))/(i/q)?
6
Suppose -324 = 2*b + 3*s - 1493, 5*b + 3*s = 2918. What is the units digit of b?
3
Suppose 575 = -4*r - q + 1608, -4*q = -r + 254. What is the units digit of r?
8
Let k = -570 + 999. What is the tens digit of k?
2
Let d = -21 - -23. Suppose 5*a + 2*q - 315 = 0, q + 7 = d. What is the tens digit of a?
6
Let r(y) = -184*y + 96. What is the tens digit of r(-1)?
8
Suppose 5*s = -3*u + 906, 4*u + s - 1208 = 6*s. Suppose -3*h = 2*v - u, v - 2 = -v. What is the units digit of h?
0
Let z = -443 + 971. What is the hundreds digit of z?
5
Suppose 0 = -0*w + 5*w - 40. Suppose 9*k - w*k = 55. What is the tens digit of k?
5
Suppose -3*v + 50 = 2*v. Let l = -12 + v. What is the tens digit of l/16 + (-1644)/(-96)?
1
Suppose 0 = w + 4 - 2. What is the tens digit of (1692/24)/(w/(-4))?
4
Let h(s) = -s**3 + 14*s**2 + 34*s - 53. What is the units digit of h(13)?
8
Let r be 228/14 - 4/14. Let t(i) = 5*i**3 - 12*i**2 + i - 15. Let y(a) = 4*a**3 - 13*a**2 + a - 16. Let l(s) = 3*t(s) - 4*y(s). What is the units digit of l(r)?
3
Let r(k) = k**2 + 27*k - 51. Let q be r(-29). Let v(s) = 3*s**2 + 12*s - 30. What is the units digit of v(q)?
1
Let k be 160*(-1 + (-4)/(60/(-21))). Suppose -5*a = -20, -2*p + 4*p - a = k. What is the units digit of p?
4
Suppose 9*j + 52 = 11*j. Let c = j - 21. Suppose -145 = -4*d - 5*g, d + c*g - g - 39 = 0. What is the tens digit of d?
3
Let i be 6/(-4 - 33/(-6)). Let x be 1 + -1 + 0/(-1). Suppose -i*b = 4, 4*s - b - 81 = -x*b. What is the tens digit of s?
2
Let s = 240 - -126. What is the units digit of s?
6
Let y(d) = 6*d**2 + 3*d + 3*d - d**3 - 7*d + 0*d + 7. Let x be y(5). Suppose 0 = 4*l - x - 117. What is the units digit of l?
6
Suppose -4*u = -5*u - 15. Let f = u - -9. Let t = f + 19. What is the tens digit of t?
1
Let h = 10 - 7. Suppose 100 = -5*y - 4*f, -f - f = -h*y - 60. What is the tens digit of y*(-9)/(-24)*-2?
1
Let s(t) = -t**2 + 7*t + 5 - 4*t + 0*t**2. Let b be s(4). Let d(p) = -p**3 + p**2 + 1. What is the units digit of d(b)?
1
Let h = -13 - -308. What is the tens digit of h?
9
Suppose 2*j - 3*j = -104. Suppose 11*d = 7*d - 184. Let b = j + d. What is the units digit of b?
8
Let b = -18 + 14. Let f(q) = -2*q**3 - 9*q**2 - 5*q + 2. What is the units digit of f(b)?
6
Let p be (-26)/4*(-15 - 1). Let q be (-3051)/63 - (60/28)/(-5). Let a = q + p. What is the tens digit of a?
5
Suppose -4*q = -3*m - 3002, -22*m = -21*m - 2. What is the hundreds digit of q?
7
Let u = 1699 - 1680. What is the units digit of u?
9
Let i(x) = x**2 + 74. Let p be -1 - 2 - -3 - 0. What is the tens digit of i(p)?
7
Let z = 13 - 13. Suppose z = -2*s + o - 31, -3*s - 63 + 22 = 4*o. Let x = s + 21. What is the units digit of x?
6
Suppose -5*n - 5*l - 75 = 0, -3*l - 2*l - 10 = 0. Let p = -24 - n. Let f = p - -40. What is the tens digit of f?
2
Suppose -2*r - 172 + 486 = 2*h, r = 3*h + 153. Suppose 3*f - r = -f. What is the units digit of f?
9
Let v = 940 - 85. What is the hundreds digit of v?
8
Suppose 5*w = 2*y + 10, y = 5*w + 6*y - 10. Suppose -7*b + 392 = -70. Suppose 4*j = w*j + b. What is the tens digit of j?
3
Suppose -5*k + 256 = -3*k - p, k - 128 = -5*p. Let v = -75 + k. What is the tens digit of v?
5
Suppose 7 = g - 5*w, 0 = -5*g + 3*w - 4*w - 95. Let i = -4 + 2. What is the tens digit of 3 - (0/i + g)?
2
Let g = -36 - -39. Suppose y - q = 8, g*y + 3*q - 39 = -y. What is the units digit of y?
9
Let b(x) = x + 5. Let q be b(-5). Suppose 0 = -q*j - 2*j + 10. Suppose -j*c + 62 = 3*f - c, -3*c + 85 = 5*f. What is the tens digit of f?
1
Let z = 5 - -4. Suppose -83 + 416 = z*h. What is the units digit of h?
7
What is the tens digit of ((-34)/(-6))/(-2*(-2)/372)?
2
Let f = 679 - 116. What is the tens digit of f?
6
Let l = -10 + 14. Let n(p) = 8*p - 5 + 0 + p**2 - l*p. What is the units digit of n(-9)?
0
Suppose -8*h + 3*h + 15 = 0. Suppose 25 + 11 = h*k. What is the units digit of k?
2
Let o = -241 - -483. Let p = -145 + o. What is the tens digit of p?
9
Let z(b) be the third derivative of b**5/30 + 2*b**4/3 - 5*b**3/6 + 7*b**2. What is the tens digit of z(-12)?
9
Suppose -3*s = -3*p - 24, 5*p - 29 = -s - 9. Let v = -21 + s. Let l = v - -37. What is the tens digit of l?
2
Let n = -87 + 122. Suppose 0*f - 5*f = -n. What is the tens digit of (-10)/(-35) + 250/f?
3
Suppose 10*n = 6707 + 2243. What is the tens digit of n?
9
Suppose -7*s - 4*o = -9*s + 2618, 3*s = 2*o + 3915. What is the thousands digit of s?
1
Let t(k) = 43*k - 1. Let y be t(2). Suppose -y = -3*f - 2*f. What is the units digit of f?
7
Let g be (1 + -3)/((-12)/(-90)*-3). Suppose z + 2*f + 23 = 4*z, 0 = -4*z - g*f. What is the units digit of z?
5
Let g(y) = 482*y**3 + 3*y**2 - y + 1. What is the units digit of g(1)?
5
What is the thousands digit of ((-2)/(20/2286))/(365/(-5475))?
3
Suppose 2*g - 1114 = m, 7*g - 8*g = -4*m - 557. Let t = g - 288. What is the hundreds digit of t?
2
Suppose 0 = -127*d + 68197 + 187200. What is the hundreds digit of d?
0
Let m(k) be the third derivative of -k**5/60 - k**4/2 + 7*k**3/3 - 3*k**2. Let p be m(-13). What is the units digit of (22 - (-4)/4)*p?
3
Let r(z) = 5*z**2 + 22*z - 1. Let d(s) = 5*s**2 + 23*s - 2. Let n(p) = 3*d(p) - 2*r(p). What is the hundreds digit of n(-8)?
1
Suppose -5*o - 79 = 56. What is the tens digit of 2/(-9) + (-2031)/o?
7
Suppose -2*p - z = -0*z - 11, -2*p = -5*z - 5. Let f(v) = -14*v + 5. Let g(y) = 16*y - 5. Let t(h) = -6*f(h) - 5*g(h). What is the tens digit of t(p)?
1
Suppose -2*l + 12 = l. Suppose -18 = l*i + 70. Let h = -14 - i. What is the units digit of h?
8
Suppose -3*n - 3 = -3*y + 6, 4*n - 16 = 0. Suppose y*a - c = 4*a + 41, 4*c = -a + 31. What is the tens digit of (-792)/(-20) + 6/a?
4
Suppose -4*k = -5*c - 1431 - 1343, -4*k - 4*c = -2756. What is the hundreds digit of k?
6
Let i = 13 - -3. Let y be (-4 - (4 + -10)) + -14. Let k = i + y. What is the units digit of k?
4
Let a be 0 + (-1)/(5/(-105)). Suppose -15 = 3*i + 2*r, -2*r + a = -3*i - 6. What is the units digit of (-1 - i)*(-23)/(-2)?
9
Suppose f + 2814 = 7*f. What is the tens digit of f?
6
Suppose c + 4*c - 295 = -5*q, 2*q = 4*c + 124. Suppose 4*a = -a + 15, -4*a = 3*x + q. What is the units digit of ((-4)/6)/(x/180)?
5
Suppose 2 = 2*v - 4*p, -5*p = -5*v + 11 + 4. Let b be v/(-1 + 6) - 29. Let g = b - -37. What is the units digit of g?
9
Let y(k) = -k**3 + 13*k**2 + 4*k + 3. Suppose -d + 6 = 2. Suppose 0 = 2*l - 10, d*w - 59 = w - 4*l. What is the tens digit of y(w)?
5
Let v = 27 - 39. Let h = v - -16. What is the units digit of h?
4
Suppose -4*i + 12 = 4*g, -5 = -5*g - 2*i + 1. Suppose g = -6*m + 3*m, -5*a = 3*m - 375. What is the units digit of a?
5
Let n be (-50)/1*(-2)/4. Suppose -5*s - 3*q = -0*q - n, 2*q + 5 = s. Suppose 49 = s*x + 3*o + o, 2*o + 43 = 5*x. What is the units digit of x?
9
Let q(k) = k**3 + 12*k**2 - 6*k - 31. Suppose 2*n + 15 = v, 12 = -5*v - 3. What is the tens digit of q(n)?
6
Let v(t) = -t**3 - 21*t**2 - 37*t + 129. What is the hundreds digit of v(-22)?
4
Suppose -11*g + 20*g - 10935 = 0. What is the units digit of g?
5
Suppose -12 = 4*j + 4*p, -p - 5 = 5*j + 2*p. Suppose 0 = -4*d + 2*c - 4*c + 264, -j*c = 2*d - 132. What is the tens digit of d?
6
Let o(s) = 58*s**2 + 13*s + 12. What is the units digit of o(-1)?
7
Suppose 3*b = 3*y - 0*b + 9, -b - 3 = 0. Let p = 61 + y. Suppose p = -5*k + 160. What is the tens digit of k?
2
Let k = -90 + 174. Suppose l + k = 4*l. What is the units digit of l?
8
Suppose -21*n = -22*n + 2. Suppose c + 4*b - 104 = 0, 0 = n*c + 4*b - 90 - 130. What is the tens digit of c?
1
Suppose -5*k - m + 7300 = 0, k + m + 163 = 1623. What is the hundreds digit of k?
4
Suppose -8*q = -9*q. Suppose -4*y + 156 = 3*i, -4*y + q*i = -2*i - 176. What is the tens digit of y?
4
Let x(d) = -10*d + 17. Let v be x(-4). Let h = v + 45. What is the hundreds digit of h?
1
Let g be 162/14 - (-33)/77. Suppose -2*m + 2*o + g = -m, 5*m - 2*o - 60 = 0. What is the units digit of 1/2 + m/8?
2
Suppose 9*r = 8*r + 2*o - 32, -5*o = 2*r + 64. Let t be (-1)/(-3) + 137/3. Let h = t + r. What is the units digit of h?
4
Let b be (-27)/(-12)*32/6. Let p(l) = 2*l + 94 - 72 - 3*l. What is the units digit of p(b)?
0
Let p = 1180 - 352. What is the tens digit of p?
2
Let w = 148 + -99. What is the units 